divisor of 27 and 99.
9
Calculate the greatest common factor of 1717 and 34.
17
What is the greatest common divisor of 120 and 280?
40
Calculate the highest common factor of 176 and 47344.
176
What is the highest common divisor of 284 and 100?
4
Calculate the greatest common factor of 3427 and 23.
23
Calculate the greatest common divisor of 940 and 5875.
235
Calculate the greatest common divisor of 1328 and 83.
83
What is the highest common divisor of 1300 and 468?
52
What is the highest common divisor of 116 and 8?
4
Calculate the greatest common divisor of 352 and 11.
11
What is the greatest common divisor of 72 and 8028?
36
What is the greatest common divisor of 3475 and 556?
139
What is the highest common factor of 9815 and 10?
5
Calculate the greatest common factor of 3896 and 16.
8
What is the highest common factor of 6036 and 24?
12
What is the greatest common divisor of 24948 and 154?
154
What is the greatest common divisor of 1725 and 125?
25
Calculate the highest common factor of 684 and 1296.
36
What is the greatest common factor of 23 and 25369?
23
Calculate the highest common divisor of 351 and 13.
13
Calculate the highest common divisor of 54 and 552.
6
What is the highest common divisor of 2210 and 104?
26
Calculate the highest common factor of 240 and 45.
15
Calculate the highest common divisor of 350 and 3780.
70
Calculate the highest common factor of 180 and 3474.
18
What is the highest common divisor of 140 and 1904?
28
Calculate the greatest common divisor of 20126 and 58.
58
Calculate the greatest common factor of 429 and 132.
33
What is the greatest common divisor of 915 and 15?
15
What is the highest common divisor of 405 and 195?
15
Calculate the greatest common divisor of 50 and 4.
2
Calculate the greatest common divisor of 7888 and 192.
16
What is the highest common divisor of 187 and 22?
11
Calculate the greatest common factor of 176 and 544.
16
What is the greatest common divisor of 152 and 3116?
76
What is the greatest common factor of 16 and 3376?
16
What is the highest common factor of 364 and 1924?
52
What is the greatest common divisor of 87 and 3?
3
Calculate the greatest common divisor of 4 and 74.
2
What is the greatest common divisor of 55 and 198?
11
What is the greatest common divisor of 261 and 45?
9
Calculate the highest common divisor of 5056 and 64.
64
Calculate the greatest common divisor of 18029 and 149.
149
Calculate the highest common divisor of 1162 and 7.
7
What is the highest common divisor of 938 and 268?
134
Calculate the greatest common factor of 20 and 7130.
10
What is the greatest common divisor of 38 and 50?
2
What is the greatest common divisor of 28 and 434?
14
Calculate the highest common factor of 301 and 1161.
43
What is the highest common factor of 228 and 95?
19
What is the highest common factor of 707 and 7?
7
What is the greatest common divisor of 43 and 2150?
43
Calculate the highest common factor of 8240 and 200.
40
What is the highest common factor of 28 and 119?
7
Calculate the greatest common factor of 24 and 324.
12
Calculate the highest common divisor of 441 and 126.
63
Calculate the highest common divisor of 1848 and 572.
44
Calculate the greatest common divisor of 3105 and 1485.
135
Calculate the highest common divisor of 170 and 30.
10
Calculate the greatest common divisor of 1474 and 1742.
134
Calculate the greatest common divisor of 35 and 119.
7
Calculate the highest common divisor of 4 and 19828.
4
Calculate the greatest common factor of 30 and 4260.
30
Calculate the highest common divisor of 17 and 1751.
17
Calculate the greatest common factor of 1178 and 4.
2
What is the greatest common factor of 85 and 51?
17
What is the highest common factor of 1235 and 195?
65
What is the greatest common divisor of 315 and 27?
9
Calculate the greatest common divisor of 93 and 837.
93
Calculate the greatest common divisor of 60 and 380.
20
What is the greatest common divisor of 1092 and 260?
52
Calculate the highest common factor of 15 and 465.
15
Calculate the highest common factor of 3 and 557.
1
Calculate the highest common factor of 57 and 456.
57
What is the highest common factor of 10 and 2560?
10
What is the highest common divisor of 265 and 477?
53
Calculate the greatest common divisor of 22 and 22.
22
What is the greatest common divisor of 116 and 4?
4
What is the highest common divisor of 214 and 3?
1
Calculate the highest common factor of 1072 and 16.
16
What is the highest common divisor of 436 and 16?
4
What is the greatest common factor of 10 and 345?
5
Calculate the highest common factor of 54 and 2.
2
What is the greatest common divisor of 882 and 196?
98
What is the highest common divisor of 544 and 68?
68
What is the greatest common divisor of 1590 and 24486?
318
What is the highest common factor of 28689 and 219?
219
Calculate the highest common divisor of 5577 and 33.
33
Calculate the highest common factor of 3925 and 25.
25
Calculate the highest common divisor of 5874 and 352.
22
Calculate the greatest common divisor of 84 and 1953.
21
What is the greatest common factor of 6 and 864?
6
Calculate the greatest common divisor of 25701 and 39.
39
Calculate the highest common divisor of 10 and 305.
5
Calculate the greatest common divisor of 7 and 20.
1
What is the greatest common divisor of 40 and 440?
40
Calculate the greatest common factor of 32 and 2048.
32
What is the greatest common divisor of 38 and 1159?
19
Calculate the highest common divisor of 200 and 5920.
40
Calculate the greatest common divisor of 56 and 32.
8
Calculate the highest common divisor of 2040 and 17.
17
Calculate the highest common divisor of 904 and 8.
8
Calculate the highest common factor of 315 and 90.
45
Calculate the highest common factor of 13 and 299.
13
Calculate the highest common factor of 40 and 130.
10
Calculate the greatest common factor of 7332 and 1974.
282
Calculate the highest common divisor of 3 and 6.
3
Calculate the highest common factor of 1460 and 146.
146
What is the highest common divisor of 96 and 72?
24
Calculate the highest common divisor of 92 and 207.
23
Calculate the highest common factor of 28 and 52.
4
Calculate the highest common factor of 4893 and 21.
21
Calculate the highest common factor of 4 and 19.
1
What is the highest common divisor of 1526 and 14?
14
What is the greatest common divisor of 35 and 49?
7
Calculate the greatest common factor of 77 and 21.
7
Calculate the highest common factor of 29 and 87.
29
What is the highest common divisor of 300 and 1125?
75
Calculate the highest common divisor of 30 and 60.
30
Calculate the highest common factor of 2507 and 506.
23
Calculate the greatest common factor of 340 and 110.
10
Calculate the highest common divisor of 2560 and 1040.
80
Calculate the greatest common divisor of 4802 and 70.
14
What is the greatest common divisor of 216 and 3144?
24
Calculate the highest common factor of 20 and 1420.
20
What is the highest common factor of 312 and 72?
24
Calculate the highest common divisor of 83 and 1411.
83
What is the highest common divisor of 22 and 554?
2
What is the highest common divisor of 132 and 60?
12
Calculate the greatest common factor of 160 and 348.
4
What is the greatest common factor of 697 and 123?
41
What is the greatest common divisor of 283 and 10?
1
Calculate the greatest common divisor of 34 and 2.
2
What is the highest common divisor of 12 and 2940?
12
Calculate the highest common factor of 299 and 234.
13
What is the highest common factor of 15 and 25110?
15
What is the highest common divisor of 196 and 364?
28
What is the greatest common divisor of 16 and 8?
8
What is the highest common factor of 1100 and 100?
100
Calculate the highest common factor of 193 and 15247.
193
What is the greatest common factor of 810 and 150?
30
What is the greatest common divisor of 241 and 65311?
241
What is the greatest common factor of 117 and 52?
13
What is the greatest common divisor of 13 and 702?
13
Calculate the greatest common divisor of 11625 and 150.
75
Calculate the greatest common factor of 37 and 481.
37
Calculate the highest common divisor of 5331 and 6.
3
What is the greatest common factor of 19223 and 47?
47
Calculate the highest common factor of 901 and 689.
53
What is the highes